o**3 - 5*o**2 + 2*o + 10. Let f(g) = 2*g**3 - 24*g**2 + 68*g + 15. Let m be f(5). Determine t(m).
20
Suppose 5*z = 4*j + 20 + 9, 3*j = -3. Suppose 0 = z*k - 2*q - 38, q + 7 = 3. Let h(a) = -8*a + 1 + 7*a**2 + 3*a - 6*a**2. Give h(k).
7
Let x(u) = -2 + 30*u**2 - 99*u**2 + 3*u**3 + 2*u + 27*u**2 + 45*u**2 + 5. Suppose -p = -4*p - 48. Let i = -18 - p. Determine x(i).
-13
Let c be 8/(-2)*(-9)/12. Suppose 2*p - 6 = c*t, 3*p - p + 4*t = -8. Let r(z) = -3*z**2 + 2*z**2 - 103*z + 103*z + z**3 + 10. Give r(p).
10
Let u(d) = -d**2 - 5*d + 5. Let h be ((2/1)/2)/(-14*22/1232). Determine u(h).
9
Suppose -239*x = -244*x + 20. Let i(p) = p**3 + 7*p**2 + 9 + 25 - 45 - 2*p**2 - x*p + 16. Let d be (-2)/8 + (-46)/8. Determine i(d).
-7
Let j = -4 + 10. Let o(c) = 5*c - c - j + 3. Suppose -2*m - l = -5, -2*m - 2*l - l + 7 = 0. Calculate o(m).
5
Let u(h) = -h**2 + 30*h - 193. Let n be u(8). Let b(y) = y**2 + 22*y + 17. Calculate b(n).
-68
Let d(y) = -4*y + 2*y**3 + 1281343 - 1281343 - y**3 - 4*y**2. Let r be ((-1)/(-2))/((-2)/(-20)). What is d(r)?
5
Let l(i) = i**3 + 6*i**2 + 4*i + 2. Suppose -36 = -4*u - 0*u. Let f be (-1)/(u/10 + 12/(-30)). Let x be (2/2)/(2/2)*f. What is l(x)?
10
Let q(n) be the third derivative of -3*n**5/20 + n**4/8 + n**3/2 - 105*n**2 + 1. Determine q(2).
-27
Let i(b) = -100 - 2*b + 70 + 49. Let l be i(8). Let r(n) = 9*n - 4 - 4*n - n - l*n. Calculate r(9).
5
Let h be ((-2)/(-3) + 8/(-30))*5. Suppose -h*b + 72 - 58 = 0. Let x(t) = t**3 - 5*t**2 - 13*t - 1. What is x(b)?
6
Suppose 0 = -3*p - 6, -5*i + p + 75 = -4*i. Suppose 4*g = 5*b - i, 0 = -24*g + 29*g + b + 55. Let t(s) = -s - 17. Calculate t(g).
-5
Let u(b) = 206*b + 388. Let g(f) = -158*f - 291. Let a(h) = 13*g(h) + 10*u(h). Give a(-20).
-23
Let k(v) be the first derivative of 88 - 1/4*v**4 - 6*v - 6*v**2 - 4*v**3. Calculate k(-11).
5
Let a(g) be the second derivative of g**3/6 + g**2 + 6198*g. Calculate a(7).
9
Let s(x) = x**2 - 10*x + 10. Suppose 4*l - 3*g = -84, -2*g - 16 = l - 4*g. Let h be 5 - (30/(-50) + l/10). What is s(h)?
-6
Let n be 39/78*(-224)/14. Let a(k) = -k**2 - 15*k - 8. Calculate a(n).
48
Suppose 7*j = -o + 46, -4*j + 3*o - 7*o = -40. Let g(f) = f**2 - 13*f + 6. Let b(x) = x**2 - 14*x + 7. Let h(r) = -5*b(r) + 6*g(r). Give h(j).
-11
Let l(c) = c**3 - 6*c**2 + 7*c - 6. Suppose -2*k - 4 = -34. Suppose -2*f - 2*f = -g - 4, -5*g - f = -1. Suppose b + 2*b - k = g. Determine l(b).
4
Let v = 74 - 68. Suppose 0 = -3*o - 6, 2*z - v*z = -o - 74. Suppose -z = 4*r - r. Let w(p) = p**3 + 5*p**2 - 4*p + 5. Calculate w(r).
-7
Let n(q) = 7*q**2 + 7*q + 13. Let c(m) = 10*m**2 + 10*m + 23. Let h(d) = 1. Let l(s) = c(s) - 4*h(s). Let g(p) = 5*l(p) - 7*n(p). Calculate g(0).
4
Let y(j) be the first derivative of -j**7/840 - j**6/40 - 11*j**5/120 - 11*j**4/24 + 112*j**3/3 - 46. Let q(p) be the third derivative of y(p). What is q(-8)?
13
Suppose 0 = -7*j + 10*j - q - 24, 5*j - q - 40 = 0. Suppose 0 = -u - j*u. Let r(b) = -b - 4. Determine r(u).
-4
Let a(q) be the third derivative of q**4/3 - q**3/3 - 714*q**2. What is a(7)?
54
Let q = -216 + 230. Let c(s) = 4*s + q - 16 - 2*s**2 - s**3 + 4*s**2 - 3*s. Give c(0).
-2
Let i be -1*(-37)/((-407)/154). Let l(c) = 28*c + 398. Calculate l(i).
6
Let r(h) = 76*h - 11. Let z(c) = 91*c - 14. Let q(m) = 7*r(m) - 6*z(m). Give q(12).
-161
Let v(t) = -2 - 33 + 27*t - 3*t**2 + 6 + 0*t - 10*t. What is v(2)?
-7
Let p(x) be the second derivative of x**5/20 - 2*x**4/3 + 5*x**3/6 + 4*x**2 + 9*x + 12. What is p(7)?
-6
Let y = -312 - -319. Let g(t) = -t**3 + 8*t**2 - 6*t - 5. Determine g(y).
2
Suppose -u - 1 = w - 4*w, -u = 5*w + 17. Let v(g) be the third derivative of g**5/60 + 7*g**4/24 + 7*g**3/6 - 2*g**2 - 12*g. Calculate v(u).
7
Let u(w) be the third derivative of 4*w**2 + w + 1/120*w**6 + 0 - 1/12*w**4 + 1/15*w**5 + 2/3*w**3. What is u(-5)?
-11
Let m(x) = -2*x - 18. Let g be (49 - -8)/19 - (-2 + 10). What is m(g)?
-8
Let j(t) = 4*t - 13. Let s(y) = 2*y + 34 + 8 - 15 - 11*y. Let v(g) = 7*j(g) + 3*s(g). Calculate v(6).
-4
Let i(j) = 158 + 3*j - 53 + 0*j - 70. Calculate i(-9).
8
Let w(r) = -15*r**2 - 74*r - 2. Suppose -7*q - 79 + 179 = -27*q. Determine w(q).
-7
Let i(t) be the first derivative of -1/2*t**2 - 67 - 2*t. Calculate i(10).
-12
Let r(y) = y**3 - 44*y**2 - 85*y - 318. Let k be r(46). Let f(b) = -b**2 - 6*b + 20. What is f(k)?
-20
Let m(k) = -14*k**3 + 74*k**2 - 43*k + 22. Let b(f) = -3*f**3 + 18*f**2 - 11*f + 6. Let z(w) = -9*b(w) + 2*m(w). Calculate z(-15).
20
Let z(x) = x**3 - 25*x**2 + 41*x + 50. Let f(d) = d**3 - 26*d**2 + 42*d + 59. Let q(n) = -4*f(n) + 5*z(n). Determine q(19).
-5
Let v = -106 + 159. Suppose 2*d = 4*u - 3*u - v, -14 = d - 3*u. Let b = d + 26. Let r(k) = k**3 + 3*k**2 + 5*k + 2. Give r(b).
-13
Let f(w) = -4*w**2 + 2*w + 10. Let q(j) be the first derivative of -j**3 + j**2 + 7*j + 158. Let a(v) = -5*f(v) + 7*q(v). What is a(3)?
2
Let m(g) = -g**2 + 2*g + 1. Let w(k) = -6*k - 79. Suppose -23 = 7*q + 68. Let f be w(q). Determine m(f).
-2
Let p be (-25)/5 - (6/2 + -4). Let y be -1*p*(-4)/16*-3. Suppose 10 = -5*l + 2*u + 29, y*l = 3*u + 15. Let m(d) = -d**2 + 2*d + 1. Determine m(l).
-2
Let n(k) = -k - 17. Let s(d) = -d**2 + 3*d + 36. Let q be s(-5). Let u(a) = a**3 + 4*a**2 + 16*a + 51. Let y be u(q). Give n(y).
-4
Let w(j) be the first derivative of 7*j**2/2 - 8*j - 57. Let k(u) = -20*u + 22. Let q(r) = 4*k(r) + 11*w(r). Determine q(-3).
9
Suppose -4*c - 4*s = -5*c + 7, 0 = s - 4. Let w(r) = -11 + 6*r - c + 32. Suppose -1 = -3*k + 5. Determine w(k).
10
Let p be 2/3 + (28/12 - 4). Let i be -1 - (p + 0 + 1). Let q(m) = -38*m - 1. Give q(i).
37
Let u = -233 - -267. Suppose 4*m + 4*s = 9*s - u, 4*m = 4*s - 32. Let i(a) = a**3 + 7*a**2 + 3*a - 2. Determine i(m).
16
Let i(c) be the first derivative of 3*c**2/2 - 5*c - 3018. Give i(4).
7
Let f(n) be the second derivative of n**3/6 + n**2/2 + 2*n. Let u be (1/(-2))/((-11)/1540*10). What is f(u)?
8
Let x(s) = 2*s**2 - 14*s + 9. Let g be x(6). Let h(k) = -289*k**2 - 293*k**2 + 583*k**2 + 2*k - 4. What is h(g)?
-1
Let u(r) = -2*r - 66 + 29 + 2*r + 33 - 7*r + r**2. Calculate u(5).
-14
Suppose -111*u - 140*u - 647 = -145. Let n(o) = 4*o**3 + 2*o**2 - 3*o - 2. Determine n(u).
-20
Let p(n) be the third derivative of n**6/60 + 11*n**5/60 + n**4/12 - n**3 - 1964*n**2 - n - 2. What is p(-5)?
9
Let l be -20 + 23 + (4 - 0) + 0. Suppose 2*x + l = -s, -5*x = 10*s - 8*s + 15. Let p(a) = 7*a**2 - 2*a - 2. Determine p(x).
7
Let k be 0*((-203)/350 + 2/25). Let o(p) = 3*p - 22. Calculate o(k).
-22
Let v = 31618 - 31629. Let d(k) = -4*k**2 - 42*k - 10. What is d(v)?
-32
Let j be 5 + 0 - ((-62)/(-4) - 21/(-14)). Let t(m) = -m**3 - 12*m**2 + 3*m + 7. Determine t(j).
-29
Let s(c) be the second derivative of -77*c**3/6 + 115*c**2 - 3*c - 155. Give s(3).
-1
Let c(d) = -3*d. Let q(a) = -2*a**3 - 34*a**2 + 11*a - 8. Let i(o) = 4*c(o) + q(o). Give i(-17).
9
Let b(q) be the first derivative of q**4/4 + q**3/3 + q**2/2 + 2*q - 1971. Determine b(-3).
-19
Let p(y) = 15*y + 213. Suppose 9*s + 7*s - 5*s = -165. What is p(s)?
-12
Suppose 0 = -4*u + c + 49, 2*c - 5*c = -3*u + 39. Suppose -u = 50*k - 46*k. Let v(x) = -x**2 - 3*x - 6. Determine v(k).
-6
Let u(o) be the second derivative of -1/24*o**4 + 9*o**2 + 0 + 21*o - o**3. Let j(b) be the first derivative of u(b). What is j(7)?
-13
Let d(r) be the third derivative of -r**4/24 - 7*r**3/6 + r**2. Let y = 205 - 71. Let f = y + -140. What is d(f)?
-1
Let p(a) = -a + 18. Let y(k) = -k**3 + 43*k**2 - 120*k + 19. Let q be y(40). Determine p(q).
-1
Let z(r) be the first derivative of -11/2*r**2 + 87 + 0*r. Give z(1).
-11
Let j(c) = c**2 - 16*c - 3. Let q(g) = -7*g**2 + 107*g + 22. Let d(m) = 6*j(m) + q(m). What is d(7)?
32
Suppose -6*a + 46 = -26. Let w(g) = 42 - 19 - a - g. Give w(0).
11
Let d(q) = -q - 3*q**2 - 15*q + q**2 - 378 + 2*q**3 + 3*q**2 + 380. Determine d(-4).
-46
Let z(l) = l + 12. Let t = 28 + -25. Let d be t - 0 - (-1 - (10 + -9)). Give z(d).
17
Let w(u) = 2*u**2 + 107*u - 1256. Let l be w(10). Let y(z) be the first derivative of -2*z + 3*z**2 + 1/3*z**3 - l. Determine y(-7).
5
Let p(y) = -3*y**3 - 3*y**2 - 12*y - 20. Let j(a) = -2*a**3 + a**2. Let u(s) = 2*j(s) - p(s). What is u(7)?
6
Let w(r) = -8*r + 6. Suppose 42 = 4*z + 3*k + 24, -3*k = -3*z + 3. Calculate w(